{"id":2500,"date":"2024-04-30T18:23:36","date_gmt":"2024-04-30T16:23:36","guid":{"rendered":"https:\/\/judith-anders.de\/?post_type=portfolio&#038;p=2500"},"modified":"2024-06-02T12:25:09","modified_gmt":"2024-06-02T10:25:09","slug":"persoenliches","status":"publish","type":"portfolio","link":"https:\/\/judith-anders.de\/en\/portfolio\/persoenliches\/","title":{"rendered":"Pers\u00f6nliches"},"content":{"rendered":"\n<div class=\"wp-block-columns is-layout-flex wp-container-3 wp-block-columns-is-layout-flex\">\n<div class=\"wp-block-column is-layout-flow wp-block-column-is-layout-flow\" style=\"flex-basis:33.33%\">\n<figure class=\"wp-block-image size-large\"><img decoding=\"async\" loading=\"lazy\" width=\"683\" height=\"1024\" src=\"https:\/\/judith-anders.de\/wp-content\/uploads\/11-be-6846-1-683x1024.jpg\" alt=\"\" class=\"wp-image-2504\" srcset=\"https:\/\/judith-anders.de\/wp-content\/uploads\/11-be-6846-1-683x1024.jpg 683w, https:\/\/judith-anders.de\/wp-content\/uploads\/11-be-6846-1-200x300.jpg 200w, https:\/\/judith-anders.de\/wp-content\/uploads\/11-be-6846-1.jpg 728w\" sizes=\"(max-width: 683px) 100vw, 683px\" \/><\/figure>\n<\/div>\n\n\n\n<div class=\"wp-block-column is-layout-flow wp-block-column-is-layout-flow\" style=\"flex-basis:66.66%\">\n<p>Du m\u00f6chtest etwas ganz Individuelles verschenken? Die Erinnerung an einen besonderen Tag, einen Herzensmenschen oder pers\u00f6nliches Highlight? Vielleicht darf es auch eine Anerkennung f\u00fcr die besten Mitarbeiter oder das Team sein, auf das du dich immer verlassen kannst. Egal ob eine Gravur als besonderes Dankesch\u00f6n oder als Andenken, gemeinsam schaffen wir nachhaltige Erinnerungen. <br><br>Ich gestalte dein individuelles Porzellan. Besondere Produkte mit einem Schriftzug, Symbol oder einen ganz speziellen Blickfang. <br>Kontaktiere mich gerne mit deinen Vorstellungen, deiner Idee oder W\u00fcnschen und wir schauen gemeinsam nach einer kreativen L\u00f6sung f\u00fcr deine Geschenkidee. <\/p>\n<\/div>\n<\/div>\n\n\n\n<hr class=\"wp-block-separator has-alpha-channel-opacity\"\/>\n\n\n\n<figure class=\"wp-block-gallery has-nested-images columns-default is-cropped wp-block-gallery-4 is-layout-flex wp-block-gallery-is-layout-flex\">\n<figure class=\"wp-block-image size-large\"><img decoding=\"async\" loading=\"lazy\" width=\"683\" height=\"1024\" data-id=\"2502\" src=\"https:\/\/judith-anders.de\/wp-content\/uploads\/26-be-6963-683x1024.jpg\" alt=\"\" class=\"wp-image-2502\" srcset=\"https:\/\/judith-anders.de\/wp-content\/uploads\/26-be-6963-683x1024.jpg 683w, https:\/\/judith-anders.de\/wp-content\/uploads\/26-be-6963-200x300.jpg 200w, https:\/\/judith-anders.de\/wp-content\/uploads\/26-be-6963.jpg 728w\" sizes=\"(max-width: 683px) 100vw, 683px\" \/><\/figure>\n\n\n\n<figure class=\"wp-block-image size-large\"><img decoding=\"async\" loading=\"lazy\" width=\"683\" height=\"1024\" data-id=\"2501\" src=\"https:\/\/judith-anders.de\/wp-content\/uploads\/12-be-6856-683x1024.jpg\" alt=\"\" class=\"wp-image-2501\" srcset=\"https:\/\/judith-anders.de\/wp-content\/uploads\/12-be-6856-683x1024.jpg 683w, https:\/\/judith-anders.de\/wp-content\/uploads\/12-be-6856-200x300.jpg 200w, https:\/\/judith-anders.de\/wp-content\/uploads\/12-be-6856.jpg 728w\" sizes=\"(max-width: 683px) 100vw, 683px\" \/><\/figure>\n\n\n\n<figure class=\"wp-block-image size-large\"><img decoding=\"async\" loading=\"lazy\" width=\"683\" height=\"1024\" data-id=\"2503\" src=\"https:\/\/judith-anders.de\/wp-content\/uploads\/28-be-6970-683x1024.jpg\" alt=\"\" class=\"wp-image-2503\" srcset=\"https:\/\/judith-anders.de\/wp-content\/uploads\/28-be-6970-683x1024.jpg 683w, https:\/\/judith-anders.de\/wp-content\/uploads\/28-be-6970-200x300.jpg 200w, https:\/\/judith-anders.de\/wp-content\/uploads\/28-be-6970.jpg 728w\" sizes=\"(max-width: 683px) 100vw, 683px\" \/><\/figure>\n<\/figure>\n","protected":false},"excerpt":{"rendered":"<p>Du m\u00f6chtest etwas ganz Individuelles verschenken? Die Erinnerung an einen besonderen Tag, einen Herzensmenschen oder pers\u00f6nliches Highlight? Vielleicht darf es auch eine Anerkennung f\u00fcr die besten Mitarbeiter oder das Team sein, auf das du dich immer verlassen kannst. Egal ob eine Gravur als besonderes Dankesch\u00f6n oder als Andenken, gemeinsam schaffen wir nachhaltige Erinnerungen. Ich gestalte [&hellip;]<\/p>\n","protected":false},"featured_media":2505,"template":"","filters":[3],"translation":{"provider":"WPGlobus","version":"3.0.1","language":"en","enabled_languages":["de","en"],"languages":{"de":{"title":true,"content":true,"excerpt":false},"en":{"title":false,"content":false,"excerpt":false}}},"_links":{"self":[{"href":"https:\/\/judith-anders.de\/en\/wp-json\/wp\/v2\/portfolio\/2500"}],"collection":[{"href":"https:\/\/judith-anders.de\/en\/wp-json\/wp\/v2\/portfolio"}],"about":[{"href":"https:\/\/judith-anders.de\/en\/wp-json\/wp\/v2\/types\/portfolio"}],"version-history":[{"count":2,"href":"https:\/\/judith-anders.de\/en\/wp-json\/wp\/v2\/portfolio\/2500\/revisions"}],"predecessor-version":[{"id":2553,"href":"https:\/\/judith-anders.de\/en\/wp-json\/wp\/v2\/portfolio\/2500\/revisions\/2553"}],"wp:featuredmedia":[{"embeddable":true,"href":"https:\/\/judith-anders.de\/en\/wp-json\/wp\/v2\/media\/2505"}],"wp:attachment":[{"href":"https:\/\/judith-anders.de\/en\/wp-json\/wp\/v2\/media?parent=2500"}],"wp:term":[{"taxonomy":"filters","embeddable":true,"href":"https:\/\/judith-anders.de\/en\/wp-json\/wp\/v2\/filters?post=2500"}],"curies":[{"name":"wp","href":"https:\/\/api.w.org\/{rel}","templated":true}]}}

Persönliches

<div class="wp-block-columns is-layout-flex wp-container-3 wp-block-columns-is-layout-flex">
<div class="wp-block-column is-layout-flow wp-block-column-is-layout-flow" style="flex-basis:33.33%">
<figure class="wp-block-image size-large"><img decoding="async" loading="lazy" width="683" height="1024" src="https://judith-anders.de/wp-content/uploads/11-be-6846-1-683x1024.jpg" alt="" class="wp-image-2504" srcset="https://judith-anders.de/wp-content/uploads/11-be-6846-1-683x1024.jpg 683w, https://judith-anders.de/wp-content/uploads/11-be-6846-1-200x300.jpg 200w, https://judith-anders.de/wp-content/uploads/11-be-6846-1.jpg 728w" sizes="(max-width: 683px) 100vw, 683px" /></figure>
</div>



<div class="wp-block-column is-layout-flow wp-block-column-is-layout-flow" style="flex-basis:66.66%">
<p>Du möchtest etwas ganz Individuelles verschenken? Die Erinnerung an einen besonderen Tag, einen Herzensmenschen oder persönliches Highlight? Vielleicht darf es auch eine Anerkennung für die besten Mitarbeiter oder das Team sein, auf das du dich immer verlassen kannst. Egal ob eine Gravur als besonderes Dankeschön oder als Andenken, gemeinsam schaffen wir nachhaltige Erinnerungen. <br><br>Ich gestalte dein individuelles Porzellan. Besondere Produkte mit einem Schriftzug, Symbol oder einen ganz speziellen Blickfang. <br>Kontaktiere mich gerne mit deinen Vorstellungen, deiner Idee oder Wünschen und wir schauen gemeinsam nach einer kreativen Lösung für deine Geschenkidee. </p>
</div>
</div>



<hr class="wp-block-separator has-alpha-channel-opacity"/>



<figure class="wp-block-gallery has-nested-images columns-default is-cropped wp-block-gallery-4 is-layout-flex wp-block-gallery-is-layout-flex">
<figure class="wp-block-image size-large"><img decoding="async" loading="lazy" width="683" height="1024" data-id="2502" src="https://judith-anders.de/wp-content/uploads/26-be-6963-683x1024.jpg" alt="" class="wp-image-2502" srcset="https://judith-anders.de/wp-content/uploads/26-be-6963-683x1024.jpg 683w, https://judith-anders.de/wp-content/uploads/26-be-6963-200x300.jpg 200w, https://judith-anders.de/wp-content/uploads/26-be-6963.jpg 728w" sizes="(max-width: 683px) 100vw, 683px" /></figure>



<figure class="wp-block-image size-large"><img decoding="async" loading="lazy" width="683" height="1024" data-id="2501" src="https://judith-anders.de/wp-content/uploads/12-be-6856-683x1024.jpg" alt="" class="wp-image-2501" srcset="https://judith-anders.de/wp-content/uploads/12-be-6856-683x1024.jpg 683w, https://judith-anders.de/wp-content/uploads/12-be-6856-200x300.jpg 200w, https://judith-anders.de/wp-content/uploads/12-be-6856.jpg 728w" sizes="(max-width: 683px) 100vw, 683px" /></figure>



<figure class="wp-block-image size-large"><img decoding="async" loading="lazy" width="683" height="1024" data-id="2503" src="https://judith-anders.de/wp-content/uploads/28-be-6970-683x1024.jpg" alt="" class="wp-image-2503" srcset="https://judith-anders.de/wp-content/uploads/28-be-6970-683x1024.jpg 683w, https://judith-anders.de/wp-content/uploads/28-be-6970-200x300.jpg 200w, https://judith-anders.de/wp-content/uploads/28-be-6970.jpg 728w" sizes="(max-width: 683px) 100vw, 683px" /></figure>
</figure>

<p>Du möchtest etwas ganz Individuelles verschenken? Die Erinnerung an einen besonderen Tag, einen Herzensmenschen oder persönliches Highlight? Vielleicht darf es auch eine Anerkennung für die besten Mitarbeiter oder das Team sein, auf das du dich immer verlassen kannst. Egal ob eine Gravur als besonderes Dankeschön oder als Andenken, gemeinsam schaffen wir nachhaltige Erinnerungen. Ich gestalte [&hellip;]</p>
